*c(t). Calculate j(3).
6
Let v(y) = -3*y**2 - 13*y. Let h(b) = 2*b**2 + 6*b. Let x(j) = 7*h(j) + 3*v(j). Give x(-2).
14
Let n(b) = -b**3 - 4*b**2 - 2*b + 1. Let c be n(-2). Let i(m) = 0*m + 8*m + 4 + m - 6*m. Calculate i(c).
-5
Let t(o) = -o**3 + 3*o**2 - 2*o - 2. Let a(i) = i**3 + 16*i**2 - 2*i - 30. Let u be a(-16). Determine t(u).
-2
Let v(n) = -n. Let t be (-1)/(1/6*3). Suppose -d - d + 2*b = -14, d - 3*b - 17 = 0. Let p be t*-1*d/(-4). Calculate v(p).
1
Let f(a) = -77*a - 545. Let d be f(-7). Let v(c) = 2*c + 22. Give v(d).
10
Let o(d) = -2*d**2 + 21*d - 56. Let w be o(7). Let i(y) = -2*y + 1. Give i(w).
15
Suppose -4*v + 8 = 3*l, 0*l - l + 3*v = 6. Let b be (4 - 1 - 5) + 4. Let p(a) = -b*a + a + 0*a + 5. Calculate p(l).
5
Let c(r) = r**3 - 3*r**2 + 6*r - 3. Suppose 2*k - 4*k + 23 = 3*t, 4*k = -3*t + 31. Determine c(k).
37
Let i(g) be the third derivative of g**5/60 + g**4/12 + g**3/3 - 105*g**2. Determine i(-3).
5
Let u = -15 - -12. Let a(g) = g**3 - 3*g**2 - 2*g. Let c(j) = -j**3 + 2*j**2 + j - 1. Let d(q) = u*c(q) - 2*a(q). Give d(0).
3
Suppose 2*o - 2*f = 36, 3*o + 0*f - 4*f = 56. Suppose -5*q - o = -9*q. Let p(l) be the first derivative of -l**2 - l - 3. Calculate p(q).
-9
Let z be (-16)/(-9) - 6/(-27). Let r = z - -4. Let u(f) be the third derivative of -f**4/24 + f**3/3 - 114*f**2 - f. Determine u(r).
-4
Let k(u) = 6*u + 73. Let c be k(-14). Let f(t) = t + 17. Determine f(c).
6
Let p(r) = -6*r**2 - 5*r - 5. Let w(g) = -5*g**2 - 4*g - 6. Let d(n) = -4*p(n) + 5*w(n). Suppose -u - u - 120 = 0. Let f = u + 60. What is d(f)?
-10
Let r(x) be the first derivative of x**3 - x**2/2 + 9*x - 1. Let f(h) = -2*h**2 - 8. Let q(p) = -4*f(p) - 3*r(p). Suppose -13 + 1 = -3*z. Calculate q(z).
1
Let a = -8 - -12. Let s(t) = -1 - 31*t - 5*t**3 + a*t**3 - 11*t**2 + 20*t. Calculate s(-10).
9
Let u(t) be the third derivative of -1/24*t**6 + 0*t**5 - 2*t**2 + 0 + 1/6*t**3 + 0*t + 0*t**4. Suppose 4*k = 2*h + 18, 4*h - 3*k = 5 - 21. Calculate u(h).
6
Let w(x) = -x**3 - 3*x**2 + 3*x + 2. Let d be 7 - (7 - (0 - 4)). Determine w(d).
6
Let m(s) = 1 + 2 + s**2 + 10*s - 2 + 9. Calculate m(-8).
-6
Let n(t) = -11*t**2 - 11*t + 2. Let y = 15 + -7. Let u(a) = 7*a**2 + 7*a + 2. Let c(g) = -1. Let d(s) = 3*c(s) + u(s). Let k(h) = y*d(h) + 5*n(h). Give k(-2).
4
Let v(f) be the second derivative of 0 - 2*f**2 - 1/6*f**3 + 7*f. Let l be v(-7). Let s(z) = z**2 - 2*z + 3. What is s(l)?
6
Suppose 0 = -4*x - 1 + 9. Let i(m) = -4*m**x - 6*m - 3*m - 1 + 7*m. Suppose -5*c = 3 + 2. Determine i(c).
-3
Let d(f) = 26*f - 20*f + 3*f**2 + f**2 - 3*f**2 + 9. What is d(-6)?
9
Let k be 0 - (84/(-4))/3. Let o(a) = a**3 - 9*a**2 + 15*a - 4. Give o(k).
3
Let k(c) = 2*c + 1. Let g = -2 - -7. Let f = -3 + g. Let y be 1 + -1 + (4 - f). Calculate k(y).
5
Let h(o) = o**3 + 2*o + 11. Let x be (-2 - -1*2)*(-16)/32. What is h(x)?
11
Let k(s) = 6*s**2 - 3*s - 4. Let h be k(-1). Let w(d) = -d**3 + 4*d**2 + 6*d + 2. Determine w(h).
7
Let k(l) be the first derivative of -l**4/4 + 7*l**3/3 - 3*l**2/2 + 17*l + 188. Calculate k(7).
-4
Let h(f) = f**2 - 3*f - 2. Let i = -39 + 39. Let d be 6 - (3 + -3 + i). What is h(d)?
16
Let v(q) be the third derivative of q**6/120 + q**5/10 + 5*q**4/24 - q**3/6 + 9*q**2. Give v(-5).
-1
Let j(c) be the third derivative of c**4/6 - 2*c**3/3 + 4*c**2. Let z(b) = b. Let y(m) = j(m) - 5*z(m). Calculate y(0).
-4
Let g(r) = r - 15. Let o be (-15)/(-35) - 177/21. Give g(o).
-23
Let x(l) = -2*l - 7. Let z = 8 + -12. Let m(t) = t**3 + 5*t**2 + 7*t + 6. Let q be m(z). Let f be x(q). Let y(o) = -o + 2. What is y(f)?
-3
Let x(l) = -35*l - 9. Let k(t) = -29*t - 8. Let u(s) = 6*k(s) - 5*x(s). Give u(15).
12
Let n(s) be the second derivative of -s**3/6 - 5*s**2/2 - s. Let k = 11529 - 11535. What is n(k)?
1
Let v(s) = 11*s**3 + 30*s**2 - 4*s - 17. Let d(q) = -5*q**3 - 14*q**2 + 2*q + 8. Let x(n) = -13*d(n) - 6*v(n). Determine x(-2).
18
Let l(s) = 0*s**3 + 0*s + 5*s**2 + 2*s + s**3. Let f = 2453 + -2457. What is l(f)?
8
Let w(p) be the third derivative of 0*p + 0*p**3 + 1/24*p**4 + 0 + 16*p**2. What is w(-6)?
-6
Let n(l) = -24*l - 3 - 17*l + 31*l + 9. Let t be n(-3). Let o be t/16*16/6. Let z(a) = -2*a + 2. Calculate z(o).
-10
Let g(y) = -5*y**3 + 8 + 11*y**3 + 2*y**3 - 6*y**3 - 8*y - 3*y**3 + 6*y**2. Give g(4).
8
Suppose 48 - 42 = 3*s. Let j(g) = 4*g**3 - 7*g**s + 8*g - 15*g**3 + 10*g**3 + 6. Determine j(-8).
6
Let t(f) be the third derivative of -f**4/24 + f**3/6 - 8*f**2. Let z be 0/(2/(1 + 1)). Let s = z - -4. Give t(s).
-3
Let i(h) = 1 - 8*h - 2 + 2*h + 0*h. Suppose -3*y - 44 = -7*y. Let b = 12 - y. Give i(b).
-7
Let w(j) = j + 10. Suppose 2*m - 3 + 5 = -2*q, 4*q = 2*m - 22. Let a be -2 + -4*(-3)/(-6). Let i be (-5)/1 + m + a. Determine w(i).
4
Let r(v) = -v + 6. Let b be r(6). Let t(n) = n + b*n**2 + 8*n**2 + 0*n**2 - 1 + 2*n**2. What is t(1)?
10
Let n(j) = -j - 8. Let r be n(-9). Let p(s) = 4*s + 2 + 4 + 2 - 6. Let o be p(r). Let b(c) = -2*c + 2. Give b(o).
-10
Let w(l) = -l**2 + 7*l - 5. Let x be ((-14)/4)/((28/(-8))/7). Give w(x).
-5
Let v(f) = -5*f + 2. Let m(t) = t**3 + 13*t**2 + t + 17. Let j be m(-13). Suppose -2*d - 2 + 3 = k, j*d + 4*k = -8. What is v(d)?
-13
Let y(t) = t**3 - 2*t**2 - 5*t + 4. Suppose 5*x + 3 - 13 = 0. Let j = x - -6. Suppose 4*w + j = 20. Give y(w).
-2
Suppose 4*b - b = 12. Suppose -4*t + 0 = b. Let v(u) = 5*u**2 - 5*u - 6. Let z(x) = -15*x**2 + 14*x + 17. Let j(o) = -17*v(o) - 6*z(o). Give j(t).
4
Let m(d) = d + 23 - 3*d + 7 + 0 - 18. Give m(4).
4
Let j(w) = 25*w + 33. Let x(l) = l + 8. Let z(p) = 2*p + 24. Let c(k) = -16*x(k) + 5*z(k). Let d(h) = 9*c(h) + 2*j(h). Let m be 1 - 2 - (1 + 2). What is d(m)?
10
Let w(h) = 0*h + 4*h - 3*h - 13. Suppose 5*m + 45 = 2*c, -4*c + 4*m = -18 - 42. Determine w(c).
-3
Let f(h) = h**2 - 2*h - 3. Let r = -23 - -29. Suppose 0 = 3*k + r. Give f(k).
5
Let q(d) = 12 - 8 + 0 - 1 + d. Give q(-4).
-1
Let i(x) = x - 8. Let g(c) = 5*c - 38. Let y(v) = -g(v) + 6*i(v). Calculate y(-7).
-17
Let x = 5 - 5. Let l(a) = -a + 31*a**3 + 4*a**2 - 30*a**3 + 7 - 1 + x*a. Calculate l(-5).
-14
Let q = 2 + 2. Suppose -10 = -2*v, -t - 5 = -6*t - q*v. Let b(s) = -2*s**3 + 4*s**2 - 4*s - 4. Let u(f) = f**3 + f + 1. Let h(w) = t*u(w) - b(w). Give h(-4).
-3
Let g(b) be the second derivative of -b**3/6 + 9*b**2/2 - 13*b. Let j(c) = -c**3 + 2. Let q be j(-2). Suppose 3*y - 8 = q. Determine g(y).
3
Let p(f) = -f**3 - 10*f**2 + 10*f - 11. Let k be p(-11). Let q(l) be the first derivative of l**4/4 + 3*l - 7. What is q(k)?
3
Let r(g) = 9 + 54*g - 4 - 59*g + 3*g**2 + g**3 - 3. Determine r(-5).
-23
Let g(z) = z**3 - 5*z**2 - z - 4. Suppose -15*q + 71 - 11 = 0. Give g(q).
-24
Let j(r) be the first derivative of -r**5/20 - r**4/4 + r**3/2 + 5*r**2/2 - 3*r + 14. Let d(b) be the first derivative of j(b). What is d(-4)?
9
Let r(n) be the third derivative of n**6/120 + n**5/20 + n**4/24 - 2*n**3/3 + 4*n**2. Calculate r(-3).
-7
Let o(p) = -11*p**2 + 7*p - 1. Let z(a) = 15*a**2 - 10*a + 2. Let k(h) = 7*o(h) + 5*z(h). Give k(2).
-7
Let v(u) be the first derivative of -11 + 8*u + 3*u**2 - 1/3*u**3. Determine v(6).
8
Suppose -6*p + 22 - 4 = 0. Suppose 3 = 3*y + 2*r + 16, 16 = -p*y + r. Let c(b) = -b**3 - 6*b**2 - 6*b + 7. Calculate c(y).
12
Let a(y) = y**3 - 20*y**2 + 18*y + 10. Let u be a(19). Let l(j) = -461*j + 0*j**2 + 3 - j**2 + 451*j. Determine l(u).
12
Let c(y) be the third derivative of y**5/24 + y**4/24 - y**3 + 19*y**2. Let g(o) be the first derivative of c(o). Calculate g(2).
11
Let z(s) = s**2 - 18*s. Let k(r) = -2*r**2 + 55*r - 1. Let a(u) = -k(u) - 3*z(u). Let j(y) = -y**2 + 6*y + 2. Let w be j(6). Calculate a(w).
-5
Suppose 3*b + 3*i + 28 = -2*i, -3*i - 14 = -b. Let n = 1 - b. Let r(k) = 4 + 2 + 4*k**2 + 7*k + k**2 - 4*k**n. Calculate r(-5).
-4
Let k(d) be the second derivative of -d**4/12 + 5*d**3/3 - 5*d**2/2 + 110*d. What is k(10)?
-5
Suppose -3*k + 2*g - 12 = -2*g, -4*g + 12 = 4*k. Let a(t) = t**3 + t**2 + t + 17. Calculate a(k).
17
Let r(a) = -a**3 + 8*a**2 - 5*a + 4. Suppose 9*d = 15*d - 42. Determine r(d).
18
Let y(i) be the third derivative of i**6/360 - 3*i**4/4 - 4*i**2. Let x(a) be the second derivative of y(a). Determine x(4).
8
Let w = -3 - -5. Let b(z) = 4*z - 2. Let f be b(w). Let g(m) = -2*m**2 + 3*m - 9. Let y(l) = -l**2 + l - 5.